culate the remainder when 155 is divided by d(-8).
11
Suppose 23 = 3*h - 5*w - 46, -5*h = -w - 115. What is the remainder when 41 is divided by h?
18
Let w = 0 + 0. Suppose -3*j + 4*j - 46 = w. Suppose 9 = 3*x - 0*x, 71 = 5*u - 3*x. What is the remainder when j is divided by u?
14
Suppose 61 = 10*y - 59. Let q(o) = 3 + 5*o + 6 + 4*o**2 - 2 - o**3. What is the remainder when y is divided by q(5)?
5
Suppose -3*m + 130 = -11. Calculate the remainder when m is divided by 10.
7
Suppose -3*r = a - 0*a + 26, 2*r = -4*a - 114. Let w(z) = -6*z - 2. What is the remainder when -2*a/4*2 is divided by w(-3)?
13
Suppose -7*u + 88 = -3*u. Calculate the remainder when 65 is divided by u.
21
Let o(p) = p**3 - p + 4. Calculate the remainder when 49 is divided by o(3).
21
Suppose -3*k = k + a - 84, 4*k + 3*a - 76 = 0. What is the remainder when 42 is divided by k?
20
Suppose 2*u - 2*y - 18 = 0, 3*u + 2*u - 3*y = 53. What is the remainder when u is divided by 9?
4
Let l = -2 - -5. What is the remainder when -45*((-16)/(-6) - l) is divided by 8?
7
Suppose 0 = -5*i - m + 750 + 345, -4*i = 3*m - 865. Calculate the remainder when i is divided by 17.
16
Let q(k) be the first derivative of -k**3/3 - 4*k**2 + 4*k - 4. Calculate the remainder when 30 is divided by q(-6).
14
Let r be ((-2)/(-4) + 0)*6. Suppose -3 - r = 3*c. What is the remainder when c/(-3) + (-37)/(-3) is divided by 5?
3
What is the remainder when (2/(-4) + 1)*104 is divided by 28?
24
What is the remainder when 10/(-15)*93/(-2) is divided by 16?
15
Let d = -126 + 167. Suppose 0*x = -4*x + 44. Calculate the remainder when d is divided by x.
8
Suppose 27*x - 22*x - 125 = 0. Suppose 2*b - 26 = j, -2*b = -b - j - 12. Calculate the remainder when x is divided by b.
11
Suppose 0*p - 2*p - 82 = -3*a, 5*p - 120 = -5*a. Let h = a + -17. What is the remainder when 387/11 - (-2)/(-11) is divided by h?
8
Suppose m + 3*m + d - 10 = 0, 0 = -2*m + 4*d + 14. Suppose -8 + 29 = m*y. What is the remainder when y is divided by 4?
3
Let y(f) = -f - 5. Let x be y(-6). What is the remainder when (12 - 10) + 55*x is divided by 15?
12
Suppose 0*n + 172 = -n. Calculate the remainder when (-2)/3 + (-303)/(-9) is divided by n/(-10) - 1/5.
16
Let i(u) be the third derivative of u**4/24 + 2*u**3/3 + 7*u**2. What is the remainder when 2 is divided by i(-3)?
0
Suppose 499 = -5*k + 3*q + 1329, 3*q = -3*k + 474. Calculate the remainder when k is divided by 42.
37
Let j(n) = n**2 + 2*n + 3. Let r be j(4). Suppose 2*t = 3*o + r, o + t = -0*o - 9. Let p(v) = -v + 1. What is the remainder when 19 is divided by p(o)?
9
What is the remainder when 6*(-5 - -3)*5/(-2) is divided by 11?
8
Suppose 17 = z + d, -84 = -5*z - 5*d + d. What is the remainder when 45 is divided by z?
13
Suppose 0*b - 2*b = 0. Suppose y - 4*y = 3*p - 30, 4*p + 12 = b. Calculate the remainder when 38 is divided by y.
12
Let a(f) = -f**3 - 7*f**2 - 9*f - 1. Let h be a(-7). Suppose o - y = 13, -2*o - y + h = 2*o. What is the remainder when 43 is divided by o?
13
What is the remainder when 47 is divided by 2 - (-3 - 1) - -5?
3
Suppose -y = y - 60. Let d = -19 + y. Calculate the remainder when d is divided by 4.
3
Let a(p) = p**2 - p - 12. Calculate the remainder when 9 is divided by a(-4).
1
Let z = 51 - 48. What is the remainder when 26 is divided by z?
2
Suppose 0 = -x + 4*d + 44, d + d = x - 38. Calculate the remainder when x is divided by ((-102)/(-15))/((-6)/(-15)).
15
Let j = -104 - -126. What is the remainder when j is divided by 4?
2
Suppose -47 = -5*h - 2. Calculate the remainder when 51 is divided by h.
6
Let h be (-40)/8 + -2*1. Let o = -3 - h. Calculate the remainder when 10 is divided by o.
2
Let y = -3 - -46. Calculate the remainder when y is divided by 11.
10
Let r(w) = 2*w**2 - 11*w + 7. Let t be r(5). What is the remainder when (-14)/(t/(-34)*2) is divided by 30?
29
Let b(c) = 1. Let s(x) = -x + 6. Let a(q) = -4*b(q) + s(q). What is the remainder when 22 is divided by a(-4)?
4
Suppose -3*z + 0*z + 189 = 4*d, 0 = 4*d - 3*z - 195. What is the remainder when d is divided by 25?
23
Suppose 0 = -4*k + 4, -10 - 8 = -m - 3*k. Calculate the remainder when 59 is divided by m.
14
Let l(g) = -g**2 + g. Let q(o) = 3*o**2 - 2*o - 7. Let f(m) = -4*l(m) - q(m). Suppose 3*v - 4*v = -9. Calculate the remainder when f(v) is divided by 24.
22
Let f = -11 - -46. Suppose 0 = -2*z + f + 3. Let r = -2 - -9. What is the remainder when z is divided by r?
5
Suppose -3*s - 212 = -5*m, 220 = 5*m + 2*s - 7*s. Calculate the remainder when 199 is divided by m.
39
Suppose 0 = 5*t - 2*y - 94, 4*y = -t - 0*t + 32. Suppose -t = -5*n + n. What is the remainder when 220/16 + 2/8 is divided by n?
4
Let h(i) = -i**3 + i**2 + 10. Let d(u) = -5*u - 1. Let q(k) = k. Let g(f) = -2*d(f) - 9*q(f). Let o be g(-2). Calculate the remainder when h(o) is divided by 4.
2
What is the remainder when 393/8 - (-2)/(-16) is divided by 13?
10
Let z(j) = j**3 + 7*j**2 + 3*j - 7. What is the remainder when 43 is divided by z(-6)?
10
Let r(y) = -y**3 - 8*y**2 + 9*y + 18. Suppose -4*z - p + 102 = -32, 0 = 4*z - 4*p - 144. What is the remainder when z is divided by r(-9)?
16
Suppose 4*s = 11 + 5. Suppose -s = u - 20. Calculate the remainder when u is divided by 9.
7
Let p = -3 - -15. What is the remainder when p is divided by 4?
0
Let r(k) = -7*k + 23. Calculate the remainder when r(-4) is divided by 30.
21
Suppose z - 58 = -z. What is the remainder when 113 is divided by z?
26
Let m(h) = 11*h - 6. Let s be m(-3). Let b be (10/4)/(1/(-32)). Let x = s - b. Calculate the remainder when x is divided by 14.
13
Let x(j) = -j**3 + 8*j**2 - 8*j + 1. Suppose -5*t + 20 = 0, -r + 2*t + 4 + 1 = 0. What is the remainder when x(6) is divided by r?
12
Let k(s) = -s**3 - 7*s**2 - 5*s + 2. Let b be k(-6). Suppose 2*m + 3*m = 50. What is the remainder when (b - -2)*(-87)/6 is divided by m?
9
Suppose -n = s + 6, s + 2 = -2*n - 1. Let d(k) = -k**2 - 12*k + 5. What is the remainder when d(s) is divided by 11?
10
Suppose -3*w + m = -0*w - 90, 2*m + 150 = 5*w. Let a = 1 + 7. Suppose 0 = k - a - 8. Calculate the remainder when w is divided by k.
14
Calculate the remainder when (0 - 2) + ((-24)/(-4) - -13) is divided by 6.
5
Suppose -13*w - 69 = -16*w. What is the remainder when 90 is divided by w?
21
Let u = 8 + -2. Calculate the remainder when (3/(-3) + u)*2 is divided by 6.
4
Let p(y) = 2*y**2 + 9*y + 15. What is the remainder when p(-4) is divided by 4?
3
Suppose -180 = 2*p - 7*p. Suppose 0 = -6*k - 10 + 88. What is the remainder when p is divided by k?
10
What is the remainder when ((-5)/4 - 0)*-24 is divided by (-116)/(-16) + (-6)/(-8)?
6
Suppose r - 3*g - 70 = -3, -4*r = 3*g - 208. Suppose -4*k - 3 - 12 = -5*u, 0 = 5*u + 4*k - r. Calculate the remainder when ((-156)/36)/((-2)/6) is divided by u.
6
Let i = 45 + 39. What is the remainder when i is divided by 17?
16
Suppose -2*w = -z + 3, -5*z + 10 = 2*w - 7*w. Let j be -4*w/(-2) + 4. Suppose -j*l = 3*v - 26 - 116, -l - 4 = 0. What is the remainder when v is divided by 13?
11
Calculate the remainder when -4 + (-4)/(-1) + 158 is divided by 23.
20
Let z = -2 - -13. Let k = -11 + 15. Suppose -k*t = 81 - 205. What is the remainder when t is divided by z?
9
Suppose -143 = 3*f - 6*f - o, -4*f - 4*o + 180 = 0. Let g be (-10)/3*(-3 + 0). Suppose -4*l + g = -58. What is the remainder when f is divided by l?
15
Suppose v + 2*v = 705. Suppose -5*i - 30 = -v. What is the remainder when i is divided by 14?
13
Suppose 0 = 16*c - 11*c - 20. What is the remainder when 6 is divided by c?
2
Let k(q) = q + 34. Calculate the remainder when 35 is divided by k(-15).
16
Let w be 170/8 + (-15)/(-20). Suppose 43 + w = 5*s. Let f = s + 26. What is the remainder when f is divided by 10?
9
What is the remainder when 57 is divided by (3 + -2 - 0)*1*20?
17
Let l = 54 - 19. What is the remainder when l is divided by (-3)/(3/(-16)) + (-2)/(-1)?
17
Let k(q) = q + 7*q - q. What is the remainder when 20/6*(-1 - -13) is divided by k(2)?
12
Suppose 6*c - 2*c - 24 = 0. Calculate the remainder when ((-20)/(-8))/(4/24) is divided by c.
3
Let d = 517 - 357. Suppose -5*k = -0*k - d. What is the remainder when 127 is divided by k?
31
Suppose 3*q + 20 = 5*a, 3*a = -6*q + q + 12. Suppose -a*c = -57 + 1. Calculate the remainder wh